2)/(-50620)).
2, 5, 2531
Let j = 16 - 21. Let q be 1/j + (-2412)/15. Let w = 230 + q. List the prime factors of w.
3, 23
Let m(h) = 6*h + 36. Let o(n) = -n - 10. Let b = -40 - -23. Let p be o(b). List the prime factors of m(p).
2, 3, 13
Let r = -3978 + 4069. List the prime factors of r.
7, 13
Suppose -7*u + 149 - 233 = 0. What are the prime factors of 21/(-28) + (-6453)/u?
3, 179
Suppose 0 = 2*o + 6, 62*o = -d + 65*o + 9711. List the prime factors of d.
2, 3, 7, 11
Suppose 9*r = 7*r + o + 26479, -13222 = -r + 4*o. List the prime factors of r.
2, 3, 2207
Let z(q) = -3*q**2 - 8*q - 18. Let p be z(-9). Let m = 158 - p. What are the prime factors of m?
347
Let r be (-987)/(-6)*(-4)/(-1). Suppose -9*y + 485 = -r. List the prime factors of y.
127
Suppose -5*f + 5*n + 52257 = 1042, f - 3*n - 10255 = 0. What are the prime factors of f?
29, 353
Let a = -485 - -830. Let y(b) = 3*b**3 - 18*b**2 - 19*b - 11. Let l be y(7). Suppose a = l*d - 36. List the prime factors of d.
127
Let k(z) = -53*z + 58. Suppose 10*d - 7*d = -2*p, -5*p - 26 = d. List the prime factors of k(p).
2, 47
Suppose 2145 = 31*h - 20*h. Let n = 440 - h. List the prime factors of n.
5, 7
Let z be (-4)/(-16) - 1*(-681)/12. Let f = -53 + z. Suppose f*l = -p + 425, 3*l - 3*p + 4*p - 320 = 0. What are the prime factors of l?
3, 5, 7
Let b(y) = -3*y**2 + 15*y. Let z be b(5). Let i be 0 + z/(-3) - (-1 + -1459). Suppose -11*r + i = 338. List the prime factors of r.
2, 3, 17
Let h be (44/(-55))/1*50/4. Let z(m) = -35*m + 67. List the prime factors of z(h).
3, 139
Suppose 2*w + q = 12011, -4*q = -14*w + 10*w + 24016. What are the prime factors of w?
5, 1201
Suppose 0*p - 4*p = 0. Suppose -3*v + 5*k + 268 = p, -9*k + 4*k + 187 = 2*v. What are the prime factors of v?
7, 13
Let z(y) = y**2 - 60*y + 951. What are the prime factors of z(53)?
2, 5, 29
Suppose 3*v = 2*s - 16464, 4*s - 32970 = 219*v - 220*v. What are the prime factors of s?
3, 41, 67
Let j(w) = -3*w**2 - 28*w - 6. Let y be j(-9). Suppose -y*m + 0*p = -5*p - 334, -2*p = -4*m + 450. List the prime factors of m.
113
Suppose -4*s = z - 26, 0*z + 88 = 5*z - s. What are the prime factors of 48/z*546/8?
2, 7, 13
Let y be 2 + (31825/20 - (-3)/4). Let c = y + -703. What are the prime factors of c?
3, 11
Let y be (-91 + 18/(-9))*3/(-9). Suppose y*d = 1753 + 5377. What are the prime factors of d?
2, 5, 23
Let s be (-3 - 1) + (8 - -78). Suppose -91*i + 1269 = -s*i. List the prime factors of i.
3, 47
Let t = -88495 + 128022. What are the prime factors of t?
29, 47
Let c = -127 + -302. Let b = c - -710. What are the prime factors of b?
281
Let p be (-24)/18 - 8/(-6). Suppose -d - 4*y = -p*y + 281, -2*y = d + 279. Let r = -163 - d. List the prime factors of r.
2, 3, 19
Let f be -2 + (-3702)/4 - (-14)/(-28). Let y = -503 - f. What are the prime factors of y?
5, 17
Suppose 4*m - 9 = 23. Suppose -4*h - 108 = m. What are the prime factors of h/(-3) - 2/(-6)?
2, 5
Let x = 902 - 638. Suppose -k = -5*d - x, 2*k - 4*d = -2*d + 560. List the prime factors of k.
2, 71
Suppose -z + 7823 = o, o - 5*z - 5766 - 2063 = 0. Suppose -158*n + 164*n - o = 0. List the prime factors of n.
2, 163
Let q(f) = f**2 - 14*f - 49. Suppose 51*v = 45*v - 438. Let b = v + 96. What are the prime factors of q(b)?
2, 79
Let f = 12827 - 7472. What are the prime factors of f?
3, 5, 7, 17
Let d(p) = 327*p**2 + 17*p + 114. What are the prime factors of d(-5)?
2, 7, 293
Let p(g) = 345*g**3 - 2*g**2 + 113*g - 353. List the prime factors of p(4).
22147
Suppose -9*w - w + 30 = 0. List the prime factors of ((-232)/32)/(w/(-228)).
19, 29
Suppose 57 = 3*m + 4*w, -3*m + 6*m - 36 = 3*w. List the prime factors of m/(-25)*(-2464 - 2/2).
3, 17, 29
Suppose 15*b - 11*b - 68 = 0. Suppose -1733 = -b*i + 1599. List the prime factors of i.
2, 7
What are the prime factors of (-2 + 6 + 344)/(5*(-6)/(-795))?
2, 3, 29, 53
Suppose -x + 0*x = 0, 4*l - 3*x + 32 = 0. List the prime factors of l/12*(3 + -7 - 587).
2, 197
Suppose x - 7810 = 2*z, 112*x - 107*x - 39018 = 2*z. List the prime factors of x.
2, 47, 83
Suppose -1048 = -4*w - 5*z, -1310 = -5*w - 15*z + 10*z. Let h = 57 + w. List the prime factors of h.
11, 29
Let q be (-14)/(-35) - (-4)/20*43. Suppose -q*r + 5*r = -5*f + 1046, -2*r + 422 = 2*f. What are the prime factors of f?
2, 3, 5, 7
Let s = -35 + 43. Let x(n) = 2*n**2 - 14*n + 10. Let o be x(s). Suppose 4*y = y - 5*r + 88, 0 = y + 5*r - o. List the prime factors of y.
31
Suppose -3215*l + 3191*l = -215352. What are the prime factors of l?
3, 997
Let o be (-240)/(-30)*2*1/4. Suppose 0 = o*d - 20, l = -3*d - 54 + 494. List the prime factors of l.
5, 17
Let v(u) = 42033*u + 651. List the prime factors of v(2).
3, 9413
Suppose -v - 2*d = -2*v + 10325, -d + 51691 = 5*v. List the prime factors of v.
10337
Suppose -4*q + 2*g = -42936, 746*g - 10734 = -q + 747*g. List the prime factors of q.
2, 3, 1789
Suppose -3*u - 4*b = -95, -u = 3*b - 2*b - 31. Suppose -u*k + 12217 = -10*k. What are the prime factors of k?
643
Let f(w) = 12*w**2 - 214*w - 5375. List the prime factors of f(-28).
5, 401
Suppose -2*t = -43*i + 41*i + 2428, 0 = 4*i + 4*t - 4848. Let k = i - 797. What are the prime factors of k?
2, 13
Suppose -6*l + l = 2*h - 93342, 2*h + 8 = 0. What are the prime factors of l?
2, 5, 1867
Let o = 149 + -253. What are the prime factors of (1 - o/3)/(3/90)?
2, 5, 107
Let f be 22 - 1/(1/(-2)). Suppose -f + 4 = -4*o. Suppose o*s + 60 = 11*s. What are the prime factors of s?
2, 5
Suppose 13 = 3*l - 2. Suppose z - 3*i = 197, i = l*z + 577 - 1590. Let q = z + -135. What are the prime factors of q?
2, 17
Suppose 3*r - i + 6*i = 823, -811 = -3*r + i. List the prime factors of r.
271
Suppose -5*w = 4*h - 35861, -h + 4*w + 842 = -8097. List the prime factors of h.
17, 31
Suppose 19172 = 18*t - 70324. List the prime factors of t.
2, 11, 113
Suppose r - 3*a = 2*r + 218, -2*a + 203 = -r. Let i(y) = -y**3 - 143. Let k be i(0). Let p = k - r. List the prime factors of p.
2, 3, 11
List the prime factors of (118/(-4))/((-126525)/(-710468) + 2/(-11)).
2, 59, 67
Suppose l - 3*j = 5632, l - 5302 = 6*j + 345. List the prime factors of l.
41, 137
Let j be (1*3)/((-13)/(-143)). Let d be (22/j)/((-2)/(-3)). Let c(h) = 104*h - 1. What are the prime factors of c(d)?
103
Let q(v) = 30*v**2 + 27*v + 14. Let s = -454 + 460. What are the prime factors of q(s)?
2, 157
Let k be ((-1)/2)/((-1)/3448). Suppose 2206 = 30*f - k. List the prime factors of f.
131
Let p(x) = x**3 + x**2 - x + 387. Let b be (-1 - 3 - -2) + 2. Let q be p(b). Suppose 6*n - q = n - 3*z, -5*n + 3*z + 393 = 0. List the prime factors of n.
2, 3, 13
Suppose -108 = -7*q + 4*q. Suppose 37*r - q*r - 502 = 0. List the prime factors of r.
2, 251
Let t = 211 - 806. Let x = t + 664. List the prime factors of x.
3, 23
Let l be 66/10 + -2 - (-4)/10. Suppose -42 = l*k - 102. List the prime factors of -3 + 440/k - (-2)/6.
2, 17
Suppose 22*z - 7*z = 0. Suppose 22*r - 159 - 16033 = z. What are the prime factors of r?
2, 23
Suppose 46616 = 6*x - 2697 - 28021. List the prime factors of x.
12889
Let n(p) = 4*p**3 + 23*p**2 + 38*p + 113. Let i(a) = 6*a**3 + 34*a**2 + 57*a + 169. Let t(j) = 5*i(j) - 8*n(j). What are the prime factors of t(-8)?
13, 17
Suppose -2*t = 3*y - 17, 5*y + 5*t + 5 = 35. What are the prime factors of 390 - (y - 4)*1?
389
Suppose 0 = 2*k - k - t - 3, -k - 3*t - 9 = 0. Suppose k = 5*m - 1 - 9. List the prime factors of -51*(m - 3) - (1 - 3).
53
Let k be -4*(-3 - -2)*1 + 1. Suppose 4*s - 5291 = -5*g + 2*s, -k*s = 10. List the prime factors of g.
3, 353
Let z(b) = 6*b - 34. Suppose 0 = -42*t + 46*t + 112. Let k be z(t). What are the prime factors of 7/(42/(-30)) - k?
197
Suppose 6*n - 1778 - 358 = 0. Let q = n + -230. List the prime factors of q.
2, 3, 7
Let s be -5 + 98/21 + 488/6. List the prime factors of (s*6)/((-9)/(-12)).
2, 3
Suppose 0 = -3*n - y + 61, y + 8 = 3*y. Suppose m - 30 = -4*m + u, -2*m - u = -n. What are the prime factors of (54/m)/((-1)/(-21))?
2, 3
Suppose -12 = -5*p + 13. Suppose 412 = 2*q + p*g, 5*q - 3*q = 2*g + 398. What are the prime factors of q?
3, 67
Let u = 281 - -86. Suppose -8*y = u - 1863. What are the prime factors of y?
11, 17
Let x(h) = h**3 + 5*h - 81. Let c be x(0). Let a(y) = 6*y**3 - y**2 + y + 2. Let b be a(3). Let w = c + b. What 